{"id":1492,"date":"2016-08-05T13:02:25","date_gmt":"2016-08-05T17:02:25","guid":{"rendered":"http:\/\/www.nahuelcura.cl\/?page_id=1492"},"modified":"2017-06-29T10:15:44","modified_gmt":"2017-06-29T14:15:44","slug":"dimensiones-formativas","status":"publish","type":"page","link":"https:\/\/www.colegionahuelcura.cl\/?page_id=1492","title":{"rendered":"Dimensiones Formativas"},"content":{"rendered":"<p style=\"text-align: center;\"><strong>Autoconocimiento y Desarrollo Intelectual<\/strong><\/p>\n<p>Este es un programa de desarrollo personal que aplica cada profesor jefe desde Educaci\u00f3n Parvularia hasta IV\u00ba medio.<\/p>\n<p>Si bien est\u00e1 presente desde la fundaci\u00f3n de nuestro Colegio, desde el a\u00f1o 2016 ejecutamos en el horario de Religi\u00f3n este programa, cuyo objetivo es desarrollar \u00e1reas que van m\u00e1s all\u00e1 de lo acad\u00e9mico en nuestros estudiantes. Para ello se trabaja en clase con un texto del estudiante, estructurado en 6 dimensiones con 6 fichas cada uno. En cada ficha formativa se aborda un objetivo seg\u00fan dominios (Conocer, Hacer, Valorar), para luego desarrollar un taller de aplicaci\u00f3n con actividades individuales y grupales. Cada dimensi\u00f3n incluye de una o dos fichas de di\u00e1logo familiar para ser desarrollada en casa.<\/p>\n<p style=\"text-align: justify;\">El prop\u00f3sito de esta Dimensi\u00f3n Formativa es que el alumno alcance la madurez personal y el desarrollo intelectual, integrando autoconcepto, autoimagen, autoestima y valoraci\u00f3n positiva de s\u00ed mismo.<\/p>\n<p style=\"text-align: justify;\"><img decoding=\"async\" loading=\"lazy\" class=\"aligncenter wp-image-1493\" src=\"https:\/\/i0.wp.com\/www.nahuelcura.cl\/wp-content\/uploads\/2016\/08\/1_logo-DF-autoconocimiento.png?resize=250%2C240\" alt=\"1_logo DF autoconocimiento\" width=\"250\" height=\"240\" srcset=\"https:\/\/i0.wp.com\/www.colegionahuelcura.cl\/wp-content\/uploads\/2016\/08\/1_logo-DF-autoconocimiento.png?w=443&amp;ssl=1 443w, https:\/\/i0.wp.com\/www.colegionahuelcura.cl\/wp-content\/uploads\/2016\/08\/1_logo-DF-autoconocimiento.png?resize=300%2C288&amp;ssl=1 300w\" sizes=\"(max-width: 250px) 100vw, 250px\" data-recalc-dims=\"1\" \/><\/p>\n<p style=\"text-align: center;\"><strong>Sociabilidad y Relaciones Interpersonales<\/strong><\/p>\n<p style=\"text-align: justify;\">Esta Dimensi\u00f3n Formativa busca que el alumno establezca y profundice v\u00ednculos interpersonales originales y aut\u00e9nticos en la din\u00e1mica de la convivencia colegial.<\/p>\n<p style=\"text-align: justify;\"><img decoding=\"async\" loading=\"lazy\" class=\"aligncenter wp-image-1494\" src=\"https:\/\/i0.wp.com\/www.nahuelcura.cl\/wp-content\/uploads\/2016\/08\/2_logo-DF-sociabilidad-y-relaciones-interpersonales.png?resize=250%2C250\" alt=\"2_logo DF sociabilidad y relaciones interpersonales\" width=\"250\" height=\"250\" srcset=\"https:\/\/i0.wp.com\/www.colegionahuelcura.cl\/wp-content\/uploads\/2016\/08\/2_logo-DF-sociabilidad-y-relaciones-interpersonales.png?w=448&amp;ssl=1 448w, https:\/\/i0.wp.com\/www.colegionahuelcura.cl\/wp-content\/uploads\/2016\/08\/2_logo-DF-sociabilidad-y-relaciones-interpersonales.png?resize=150%2C150&amp;ssl=1 150w, https:\/\/i0.wp.com\/www.colegionahuelcura.cl\/wp-content\/uploads\/2016\/08\/2_logo-DF-sociabilidad-y-relaciones-interpersonales.png?resize=300%2C300&amp;ssl=1 300w\" sizes=\"(max-width: 250px) 100vw, 250px\" data-recalc-dims=\"1\" \/><\/p>\n<p style=\"text-align: center;\"><strong>Afectividad y Sexualidad<\/strong><\/p>\n<p style=\"text-align: justify;\">A trav\u00e9s de esta Dimensi\u00f3n Formativa se tiene como objetivo que el alumno logra asumir y consolidar la identidad sexual, aprenda a expresar sentimientos, crezca afectivamente y se prepare para la vida familiar.<\/p>\n<p style=\"text-align: justify;\"><img decoding=\"async\" loading=\"lazy\" class=\"aligncenter wp-image-1495\" src=\"https:\/\/i0.wp.com\/www.nahuelcura.cl\/wp-content\/uploads\/2016\/08\/3_logo-DF-afectividad-y-sexualidad.png?resize=250%2C249\" alt=\"3_logo DF afectividad y sexualidad\" width=\"250\" height=\"249\" srcset=\"https:\/\/i0.wp.com\/www.colegionahuelcura.cl\/wp-content\/uploads\/2016\/08\/3_logo-DF-afectividad-y-sexualidad.png?w=418&amp;ssl=1 418w, https:\/\/i0.wp.com\/www.colegionahuelcura.cl\/wp-content\/uploads\/2016\/08\/3_logo-DF-afectividad-y-sexualidad.png?resize=150%2C150&amp;ssl=1 150w, https:\/\/i0.wp.com\/www.colegionahuelcura.cl\/wp-content\/uploads\/2016\/08\/3_logo-DF-afectividad-y-sexualidad.png?resize=300%2C300&amp;ssl=1 300w\" sizes=\"(max-width: 250px) 100vw, 250px\" data-recalc-dims=\"1\" \/><\/p>\n<p style=\"text-align: center;\"><strong>Inserci\u00f3n Social<\/strong><\/p>\n<p style=\"text-align: justify;\">Esta Dimensi\u00f3n Formativa tiene como prop\u00f3sito que el alumno llegue a conocer y valorar el entorno, a fin de descubrir un lugar personal en \u00e9l para comprometerse como constructor y agente de cambio.<\/p>\n<p style=\"text-align: justify;\"><img decoding=\"async\" loading=\"lazy\" class=\"aligncenter wp-image-1496\" src=\"https:\/\/i0.wp.com\/www.nahuelcura.cl\/wp-content\/uploads\/2016\/08\/4_logo-DF-inserci\u00f3n-social.png?resize=250%2C248\" alt=\"4_logo DF inserci\u00f3n social\" width=\"250\" height=\"248\" srcset=\"https:\/\/i0.wp.com\/www.colegionahuelcura.cl\/wp-content\/uploads\/2016\/08\/4_logo-DF-inserci\u00f3n-social.png?w=420&amp;ssl=1 420w, https:\/\/i0.wp.com\/www.colegionahuelcura.cl\/wp-content\/uploads\/2016\/08\/4_logo-DF-inserci\u00f3n-social.png?resize=150%2C150&amp;ssl=1 150w, https:\/\/i0.wp.com\/www.colegionahuelcura.cl\/wp-content\/uploads\/2016\/08\/4_logo-DF-inserci\u00f3n-social.png?resize=300%2C298&amp;ssl=1 300w\" sizes=\"(max-width: 250px) 100vw, 250px\" data-recalc-dims=\"1\" \/><\/p>\n<p style=\"text-align: center;\"><strong>Proyecto Vital<\/strong><\/p>\n<p style=\"text-align: justify;\">En esta Dimensi\u00f3n Formativa se quiere acompa\u00f1ar al alumno para que sea capaz de asumir el proceso acad\u00e9mico como medio para descubrir las caracter\u00edsticas personales y orientar una decisi\u00f3n vocacional que favorezca la autorrealizaci\u00f3n y la respuesta a las expectativas sociales.<\/p>\n<p style=\"text-align: justify;\"><img decoding=\"async\" loading=\"lazy\" class=\"aligncenter wp-image-1497\" src=\"https:\/\/i0.wp.com\/www.nahuelcura.cl\/wp-content\/uploads\/2016\/08\/5_logo-DF-proyecto-vital.png?resize=250%2C248\" alt=\"5_logo DF proyecto vital\" width=\"250\" height=\"248\" srcset=\"https:\/\/i0.wp.com\/www.colegionahuelcura.cl\/wp-content\/uploads\/2016\/08\/5_logo-DF-proyecto-vital.png?w=427&amp;ssl=1 427w, https:\/\/i0.wp.com\/www.colegionahuelcura.cl\/wp-content\/uploads\/2016\/08\/5_logo-DF-proyecto-vital.png?resize=150%2C150&amp;ssl=1 150w, https:\/\/i0.wp.com\/www.colegionahuelcura.cl\/wp-content\/uploads\/2016\/08\/5_logo-DF-proyecto-vital.png?resize=300%2C298&amp;ssl=1 300w\" sizes=\"(max-width: 250px) 100vw, 250px\" data-recalc-dims=\"1\" \/><\/p>\n<p style=\"text-align: center;\"><strong>Cosmovisi\u00f3n Val\u00f3rica<\/strong><\/p>\n<p style=\"text-align: justify;\">Esta Dimensi\u00f3n Formativa tiene como finalidad propia que el alumno llegue a configurar una opci\u00f3n val\u00f3rica, espiritual y religiosa que oriente las formas de pensar, sentir y actuar respecto del sentido del hombre, el mundo y la historia.<\/p>\n<p style=\"text-align: justify;\"><img decoding=\"async\" loading=\"lazy\" class=\"wp-image-1498 aligncenter\" src=\"https:\/\/i0.wp.com\/www.nahuelcura.cl\/wp-content\/uploads\/2016\/08\/6_logo-DF-cosmovisi\u00f3n-val\u00f3rica.png?resize=249%2C250\" alt=\"6_logo DF cosmovisi\u00f3n val\u00f3rica\" width=\"249\" height=\"250\" srcset=\"https:\/\/i0.wp.com\/www.colegionahuelcura.cl\/wp-content\/uploads\/2016\/08\/6_logo-DF-cosmovisi\u00f3n-val\u00f3rica.png?w=416&amp;ssl=1 416w, https:\/\/i0.wp.com\/www.colegionahuelcura.cl\/wp-content\/uploads\/2016\/08\/6_logo-DF-cosmovisi\u00f3n-val\u00f3rica.png?resize=150%2C150&amp;ssl=1 150w, https:\/\/i0.wp.com\/www.colegionahuelcura.cl\/wp-content\/uploads\/2016\/08\/6_logo-DF-cosmovisi\u00f3n-val\u00f3rica.png?resize=300%2C300&amp;ssl=1 300w\" sizes=\"(max-width: 249px) 100vw, 249px\" data-recalc-dims=\"1\" \/><\/p>\n","protected":false},"excerpt":{"rendered":"<p>Autoconocimiento y Desarrollo Intelectual Este es un programa de desarrollo personal que aplica cada profesor jefe desde Educaci\u00f3n Parvularia hasta IV\u00ba medio. Si bien est\u00e1 presente desde la fundaci\u00f3n de nuestro Colegio, desde el a\u00f1o [&hellip;]<\/p>\n","protected":false},"author":2,"featured_media":0,"parent":0,"menu_order":0,"comment_status":"closed","ping_status":"closed","template":"","meta":{"ngg_post_thumbnail":0},"jetpack_sharing_enabled":true,"jetpack_shortlink":"https:\/\/wp.me\/P73X2C-o4","_links":{"self":[{"href":"https:\/\/www.colegionahuelcura.cl\/index.php?rest_route=\/wp\/v2\/pages\/1492"}],"collection":[{"href":"https:\/\/www.colegionahuelcura.cl\/index.php?rest_route=\/wp\/v2\/pages"}],"about":[{"href":"https:\/\/www.colegionahuelcura.cl\/index.php?rest_route=\/wp\/v2\/types\/page"}],"author":[{"embeddable":true,"href":"https:\/\/www.colegionahuelcura.cl\/index.php?rest_route=\/wp\/v2\/users\/2"}],"replies":[{"embeddable":true,"href":"https:\/\/www.colegionahuelcura.cl\/index.php?rest_route=%2Fwp%2Fv2%2Fcomments&post=1492"}],"version-history":[{"count":2,"href":"https:\/\/www.colegionahuelcura.cl\/index.php?rest_route=\/wp\/v2\/pages\/1492\/revisions"}],"predecessor-version":[{"id":3130,"href":"https:\/\/www.colegionahuelcura.cl\/index.php?rest_route=\/wp\/v2\/pages\/1492\/revisions\/3130"}],"wp:attachment":[{"href":"https:\/\/www.colegionahuelcura.cl\/index.php?rest_route=%2Fwp%2Fv2%2Fmedia&parent=1492"}],"curies":[{"name":"wp","href":"https:\/\/api.w.org\/{rel}","templated":true}]}}

<p style="text-align: center;"><strong>Autoconocimiento y Desarrollo Intelectual</strong></p>
<p>Este es un programa de desarrollo personal que aplica cada profesor jefe desde Educación Parvularia hasta IVº medio.</p>
<p>Si bien está presente desde la fundación de nuestro Colegio, desde el año 2016 ejecutamos en el horario de Religión este programa, cuyo objetivo es desarrollar áreas que van más allá de lo académico en nuestros estudiantes. Para ello se trabaja en clase con un texto del estudiante, estructurado en 6 dimensiones con 6 fichas cada uno. En cada ficha formativa se aborda un objetivo según dominios (Conocer, Hacer, Valorar), para luego desarrollar un taller de aplicación con actividades individuales y grupales. Cada dimensión incluye de una o dos fichas de diálogo familiar para ser desarrollada en casa.</p>
<p style="text-align: justify;">El propósito de esta Dimensión Formativa es que el alumno alcance la madurez personal y el desarrollo intelectual, integrando autoconcepto, autoimagen, autoestima y valoración positiva de sí mismo.</p>
<p style="text-align: justify;"><img decoding="async" loading="lazy" class="aligncenter wp-image-1493" src="https://i0.wp.com/www.nahuelcura.cl/wp-content/uploads/2016/08/1_logo-DF-autoconocimiento.png?resize=250%2C240" alt="1_logo DF autoconocimiento" width="250" height="240" srcset="https://i0.wp.com/www.colegionahuelcura.cl/wp-content/uploads/2016/08/1_logo-DF-autoconocimiento.png?w=443&amp;ssl=1 443w, https://i0.wp.com/www.colegionahuelcura.cl/wp-content/uploads/2016/08/1_logo-DF-autoconocimiento.png?resize=300%2C288&amp;ssl=1 300w" sizes="(max-width: 250px) 100vw, 250px" data-recalc-dims="1" /></p>
<p style="text-align: center;"><strong>Sociabilidad y Relaciones Interpersonales</strong></p>
<p style="text-align: justify;">Esta Dimensión Formativa busca que el alumno establezca y profundice vínculos interpersonales originales y auténticos en la dinámica de la convivencia colegial.</p>
<p style="text-align: justify;"><img decoding="async" loading="lazy" class="aligncenter wp-image-1494" src="https://i0.wp.com/www.nahuelcura.cl/wp-content/uploads/2016/08/2_logo-DF-sociabilidad-y-relaciones-interpersonales.png?resize=250%2C250" alt="2_logo DF sociabilidad y relaciones interpersonales" width="250" height="250" srcset="https://i0.wp.com/www.colegionahuelcura.cl/wp-content/uploads/2016/08/2_logo-DF-sociabilidad-y-relaciones-interpersonales.png?w=448&amp;ssl=1 448w, https://i0.wp.com/www.colegionahuelcura.cl/wp-content/uploads/2016/08/2_logo-DF-sociabilidad-y-relaciones-interpersonales.png?resize=150%2C150&amp;ssl=1 150w, https://i0.wp.com/www.colegionahuelcura.cl/wp-content/uploads/2016/08/2_logo-DF-sociabilidad-y-relaciones-interpersonales.png?resize=300%2C300&amp;ssl=1 300w" sizes="(max-width: 250px) 100vw, 250px" data-recalc-dims="1" /></p>
<p style="text-align: center;"><strong>Afectividad y Sexualidad</strong></p>
<p style="text-align: justify;">A través de esta Dimensión Formativa se tiene como objetivo que el alumno logra asumir y consolidar la identidad sexual, aprenda a expresar sentimientos, crezca afectivamente y se prepare para la vida familiar.</p>
<p style="text-align: justify;"><img decoding="async" loading="lazy" class="aligncenter wp-image-1495" src="https://i0.wp.com/www.nahuelcura.cl/wp-content/uploads/2016/08/3_logo-DF-afectividad-y-sexualidad.png?resize=250%2C249" alt="3_logo DF afectividad y sexualidad" width="250" height="249" srcset="https://i0.wp.com/www.colegionahuelcura.cl/wp-content/uploads/2016/08/3_logo-DF-afectividad-y-sexualidad.png?w=418&amp;ssl=1 418w, https://i0.wp.com/www.colegionahuelcura.cl/wp-content/uploads/2016/08/3_logo-DF-afectividad-y-sexualidad.png?resize=150%2C150&amp;ssl=1 150w, https://i0.wp.com/www.colegionahuelcura.cl/wp-content/uploads/2016/08/3_logo-DF-afectividad-y-sexualidad.png?resize=300%2C300&amp;ssl=1 300w" sizes="(max-width: 250px) 100vw, 250px" data-recalc-dims="1" /></p>
<p style="text-align: center;"><strong>Inserción Social</strong></p>
<p style="text-align: justify;">Esta Dimensión Formativa tiene como propósito que el alumno llegue a conocer y valorar el entorno, a fin de descubrir un lugar personal en él para comprometerse como constructor y agente de cambio.</p>
<p style="text-align: justify;"><img decoding="async" loading="lazy" class="aligncenter wp-image-1496" src="https://i0.wp.com/www.nahuelcura.cl/wp-content/uploads/2016/08/4_logo-DF-inserción-social.png?resize=250%2C248" alt="4_logo DF inserción social" width="250" height="248" srcset="https://i0.wp.com/www.colegionahuelcura.cl/wp-content/uploads/2016/08/4_logo-DF-inserción-social.png?w=420&amp;ssl=1 420w, https://i0.wp.com/www.colegionahuelcura.cl/wp-content/uploads/2016/08/4_logo-DF-inserción-social.png?resize=150%2C150&amp;ssl=1 150w, https://i0.wp.com/www.colegionahuelcura.cl/wp-content/uploads/2016/08/4_logo-DF-inserción-social.png?resize=300%2C298&amp;ssl=1 300w" sizes="(max-width: 250px) 100vw, 250px" data-recalc-dims="1" /></p>
<p style="text-align: center;"><strong>Proyecto Vital</strong></p>
<p style="text-align: justify;">En esta Dimensión Formativa se quiere acompañar al alumno para que sea capaz de asumir el proceso académico como medio para descubrir las características personales y orientar una decisión vocacional que favorezca la autorrealización y la respuesta a las expectativas sociales.</p>
<p style="text-align: justify;"><img decoding="async" loading="lazy" class="aligncenter wp-image-1497" src="https://i0.wp.com/www.nahuelcura.cl/wp-content/uploads/2016/08/5_logo-DF-proyecto-vital.png?resize=250%2C248" alt="5_logo DF proyecto vital" width="250" height="248" srcset="https://i0.wp.com/www.colegionahuelcura.cl/wp-content/uploads/2016/08/5_logo-DF-proyecto-vital.png?w=427&amp;ssl=1 427w, https://i0.wp.com/www.colegionahuelcura.cl/wp-content/uploads/2016/08/5_logo-DF-proyecto-vital.png?resize=150%2C150&amp;ssl=1 150w, https://i0.wp.com/www.colegionahuelcura.cl/wp-content/uploads/2016/08/5_logo-DF-proyecto-vital.png?resize=300%2C298&amp;ssl=1 300w" sizes="(max-width: 250px) 100vw, 250px" data-recalc-dims="1" /></p>
<p style="text-align: center;"><strong>Cosmovisión Valórica</strong></p>
<p style="text-align: justify;">Esta Dimensión Formativa tiene como finalidad propia que el alumno llegue a configurar una opción valórica, espiritual y religiosa que oriente las formas de pensar, sentir y actuar respecto del sentido del hombre, el mundo y la historia.</p>
<p style="text-align: justify;"><img decoding="async" loading="lazy" class="wp-image-1498 aligncenter" src="https://i0.wp.com/www.nahuelcura.cl/wp-content/uploads/2016/08/6_logo-DF-cosmovisión-valórica.png?resize=249%2C250" alt="6_logo DF cosmovisión valórica" width="249" height="250" srcset="https://i0.wp.com/www.colegionahuelcura.cl/wp-content/uploads/2016/08/6_logo-DF-cosmovisión-valórica.png?w=416&amp;ssl=1 416w, https://i0.wp.com/www.colegionahuelcura.cl/wp-content/uploads/2016/08/6_logo-DF-cosmovisión-valórica.png?resize=150%2C150&amp;ssl=1 150w, https://i0.wp.com/www.colegionahuelcura.cl/wp-content/uploads/2016/08/6_logo-DF-cosmovisión-valórica.png?resize=300%2C300&amp;ssl=1 300w" sizes="(max-width: 249px) 100vw, 249px" data-recalc-dims="1" /></p>

<p>Autoconocimiento y Desarrollo Intelectual Este es un programa de desarrollo personal que aplica cada profesor jefe desde Educación Parvularia hasta IVº medio. Si bien está presente desde la fundación de nuestro Colegio, desde el año [&hellip;]</p>
