{"id":2722,"date":"2016-11-30T09:54:11","date_gmt":"2016-11-30T13:54:11","guid":{"rendered":"http:\/\/www.nahuelcura.cl\/?page_id=2722"},"modified":"2020-06-02T10:03:56","modified_gmt":"2020-06-02T14:03:56","slug":"como-detectar-y-evitar-el-ciberacoso-en-el-colegio","status":"publish","type":"page","link":"https:\/\/www.colegionahuelcura.cl\/?page_id=2722","title":{"rendered":"Internet Segura"},"content":{"rendered":"<p><strong>Internet Segura<\/strong><\/p>\n<p>&nbsp;<\/p>\n<p><a href=\"https:\/\/www.colegionahuelcura.cl\/wp-content\/uploads\/2020\/06\/Procedimiento-Manual-Uso-Seguro-de-Internet.pdf\" target=\"_blank\">Procedimiento Manual Uso Seguro de Internet<\/a><\/p>\n<p>&nbsp;<\/p>\n<p>Los r\u00e1pidos avances tecnol\u00f3gicos han creado nuevos espacios donde debemos aprender a interactuar de forma sana.<\/p>\n<p>A continuaci\u00f3n presentamos una serie de materiales preparados por Enlaces extra\u00eddas del portal <a href=\"http:\/\/www.internetsegura.cl\">www.internetsegura.cl<\/a>&nbsp; con el prop\u00f3sito de orientar a la familia sobre las potencialidades y riesgos de Internet.<\/p>\n<p>&nbsp;<\/p>\n<p><strong>Manual \u201cSer Familia en la Era Digital\u201d<\/strong><\/p>\n<p><img decoding=\"async\" loading=\"lazy\" class=\"alignnone size-full wp-image-3124\" src=\"https:\/\/i0.wp.com\/www.colegionahuelcura.cl\/wp-content\/uploads\/2017\/06\/ser-familia-era-digital-594x350.jpg?resize=594%2C350&#038;ssl=1\" alt=\"ser-familia-era-digital-594x350\" width=\"594\" height=\"350\" srcset=\"https:\/\/i0.wp.com\/www.colegionahuelcura.cl\/wp-content\/uploads\/2017\/06\/ser-familia-era-digital-594x350.jpg?resize=594%2C350&amp;ssl=1 594w, https:\/\/i0.wp.com\/www.colegionahuelcura.cl\/wp-content\/uploads\/2017\/06\/ser-familia-era-digital-594x350.jpg?resize=300%2C177&amp;ssl=1 300w\" sizes=\"(max-width: 594px) 100vw, 594px\" data-recalc-dims=\"1\" \/><\/p>\n<p>Manual de recomendaciones desarrollado por Enlaces con el prop\u00f3sito de orientar a la familia sobre las potencialidades y riesgos de Internet.<\/p>\n<p>Descargar manual &#8220;Ser Familia en la era digital&#8221;<\/p>\n<p><a href=\"https:\/\/www.colegionahuelcura.cl\/wp-content\/uploads\/2017\/06\/manual.pdf\" target=\"_blank\">Ser Familia en la era digital<\/a><\/p>\n<p>&nbsp;<\/p>\n<p>&nbsp;<\/p>\n<p><strong>10 consejos para cuidarse en internet<\/strong><\/p>\n<p><span class=\"embed-youtube\" style=\"text-align: center; display: block;\"><iframe loading=\"lazy\" class=\"youtube-player\" style=\"border: 0;\" src=\"https:\/\/www.youtube.com\/embed\/dfdP55laTcE?version=3&amp;rel=1&amp;fs=1&amp;autohide=2&amp;showsearch=0&amp;showinfo=1&amp;iv_load_policy=1&amp;wmode=transparent\" allowfullscreen=\"allowfullscreen\" width=\"630\" height=\"385\"><\/iframe><\/span><\/p>\n<p>VTR produjo esta serie de 10 breves videos con recomendaciones para aprovechar internet al m\u00e1ximo: tener esp\u00edritu cr\u00edtico, proteger las contrase\u00f1as e incluso desconectarse cuando hace falta.<\/p>\n<p>CONSEJO 1: \u00bfSabes que es el Esp\u00edritu Cr\u00edtico?. <a href=\"https:\/\/www.youtube.com\/watch?v=BncW_mXpPyI\" target=\"_blank\">https:\/\/www.youtube.com\/watch?v=BncW_mXpPyI<\/a><\/p>\n<p>CONSEJO 2: Tus claves son privadas. <a href=\"https:\/\/www.youtube.com\/watch?v=UKdXb2w9nwg\" target=\"_blank\">https:\/\/www.youtube.com\/watch?v=UKdXb2w9nwg<\/a><\/p>\n<p>CONSEJO 3: No le pases tu foto a nadie. <a href=\"https:\/\/www.youtube.com\/watch?v=QntbXa3IWt0\" target=\"_blank\">https:\/\/www.youtube.com\/watch?v=QntbXa3IWt0<\/a><\/p>\n<p>CONSEJO 4: Apaga tu geolocalizaci\u00f3n. <a href=\"https:\/\/www.youtube.com\/watch?v=EK_FXCmZMcs\" target=\"_blank\">https:\/\/www.youtube.com\/watch?v=EK_FXCmZMcs<\/a><\/p>\n<p>CONSEJO 5: No seas troll. <a href=\"https:\/\/www.youtube.com\/watch?v=z2AWE6JWDa0\" target=\"_blank\">https:\/\/www.youtube.com\/watch?v=z2AWE6JWDa0<\/a><\/p>\n<p>CONSEJO 6: No seas el pr\u00f3ximo meme. <a href=\"https:\/\/www.youtube.com\/watch?v=1zuZeQOMes0\" target=\"_blank\">https:\/\/www.youtube.com\/watch?v=1zuZeQOMes0<\/a><\/p>\n<p>CONSEJO 7: Hablemos de Snapchat. <a href=\"https:\/\/www.youtube.com\/watch?v=-9dMQ-wnI18\" target=\"_blank\">https:\/\/www.youtube.com\/watch?v=-9dMQ-wnI18<\/a><\/p>\n<p>CONSEJO 8: Deja tus perfiles con candado. <a href=\"https:\/\/www.youtube.com\/watch?v=j0kZNTwdBsY\" target=\"_blank\">https:\/\/www.youtube.com\/watch?v=j0kZNTwdBsY<\/a><\/p>\n<p>CONSEJO 9: Conversa.<\/p>\n<p><a href=\"https:\/\/www.youtube.com\/watch?v=2Z4E8t4Dn5E\" target=\"_blank\">https:\/\/www.youtube.com\/watch?v=2Z4E8t4Dn5E<\/a><\/p>\n<p>CONSEJO 10: Modo Avi\u00f3n.<\/p>\n<p><a href=\"https:\/\/www.youtube.com\/watch?v=IaWncKoHwuw\">https:\/\/www.youtube.com\/watch?v=IaWncKoHwuw<\/a><\/p>\n","protected":false},"excerpt":{"rendered":"<p>Internet Segura &nbsp; Procedimiento Manual Uso Seguro de Internet &nbsp; Los r\u00e1pidos avances tecnol\u00f3gicos han creado nuevos espacios donde debemos aprender a interactuar de forma sana. A continuaci\u00f3n presentamos una serie de materiales preparados por [&hellip;]<\/p>\n","protected":false},"author":2,"featured_media":0,"parent":0,"menu_order":0,"comment_status":"closed","ping_status":"closed","template":"","meta":{"ngg_post_thumbnail":0},"jetpack_sharing_enabled":true,"jetpack_shortlink":"https:\/\/wp.me\/P73X2C-HU","_links":{"self":[{"href":"https:\/\/www.colegionahuelcura.cl\/index.php?rest_route=\/wp\/v2\/pages\/2722"}],"collection":[{"href":"https:\/\/www.colegionahuelcura.cl\/index.php?rest_route=\/wp\/v2\/pages"}],"about":[{"href":"https:\/\/www.colegionahuelcura.cl\/index.php?rest_route=\/wp\/v2\/types\/page"}],"author":[{"embeddable":true,"href":"https:\/\/www.colegionahuelcura.cl\/index.php?rest_route=\/wp\/v2\/users\/2"}],"replies":[{"embeddable":true,"href":"https:\/\/www.colegionahuelcura.cl\/index.php?rest_route=%2Fwp%2Fv2%2Fcomments&post=2722"}],"version-history":[{"count":11,"href":"https:\/\/www.colegionahuelcura.cl\/index.php?rest_route=\/wp\/v2\/pages\/2722\/revisions"}],"predecessor-version":[{"id":4781,"href":"https:\/\/www.colegionahuelcura.cl\/index.php?rest_route=\/wp\/v2\/pages\/2722\/revisions\/4781"}],"wp:attachment":[{"href":"https:\/\/www.colegionahuelcura.cl\/index.php?rest_route=%2Fwp%2Fv2%2Fmedia&parent=2722"}],"curies":[{"name":"wp","href":"https:\/\/api.w.org\/{rel}","templated":true}]}}