{"id":4479,"date":"2019-11-19T14:50:24","date_gmt":"2019-11-19T18:50:24","guid":{"rendered":"https:\/\/www.colegionahuelcura.cl\/?page_id=4479"},"modified":"2021-04-13T10:36:01","modified_gmt":"2021-04-13T14:36:01","slug":"electividad-iii-medio-2020","status":"publish","type":"page","link":"https:\/\/www.colegionahuelcura.cl\/?page_id=4479","title":{"rendered":"Plan Com\u00fan Electivo y Asignaturas de profundizaci\u00f3n para III y IV medio."},"content":{"rendered":"<p>Seg\u00fan el Nuevo Curr\u00edculum para III\u00b0 y IV\u00b0 medios, a partir del a\u00f1o 2020, se comenzaron a &nbsp;implementar cambios en la tradicional estructura de los planes electivos.<br \/>\nEspec\u00edficamente, los estudiantes tendr\u00e1n la oportunidad de escoger con mayor flexibilidad asignaturas de profundizaci\u00f3n, donde ser\u00e1 clave que puedan tomar esta decisi\u00f3n contando con la informaci\u00f3n necesaria para ello y considerando sus intereses personales, habilidades y competencias acad\u00e9micas.<\/p>\n<p>Ahora bien, \u00bfqu\u00e9 implica esta nueva reforma? \u00bfQu\u00e9 cambios considera y qu\u00e9 elementos se conservan? \u00bfQui\u00e9n puede participar en esta decisi\u00f3n? &nbsp;<\/p>\n<p>La respuesta a estas interrogantes se encontrar\u00e1 en los documentos y videos que se presentan a continuaci\u00f3n, donde ser\u00e1 posible encontrar una descripci\u00f3n general del plan diferenciado del Colegio Nahuelcura ejecutado el 2020 y el 2021, el reglamento de electividad para III\u00b0 y IV\u00b0 Medios, videos del MINEDUC que detallan los fundamentos de este proceso, y un video de un test electr\u00f3nico para la electividad, el que se aplica a nuestros estudiantes como parte del proceso de orientaci\u00f3n.<\/p>\n<p>&nbsp;<\/p>\n<p><a href=\"https:\/\/www.colegionahuelcura.cl\/wp-content\/uploads\/2016\/01\/SAE-2019-Resultados_apoderados.pdf\" target=\"_blank\"><img decoding=\"async\" loading=\"lazy\" class=\"alignnone wp-image-263 size-full\" src=\"https:\/\/i0.wp.com\/www.colegionahuelcura.cl\/wp-content\/uploads\/2016\/01\/pdf.png?resize=16%2C16&#038;ssl=1\" alt=\"pdf\" width=\"16\" height=\"16\"  data-recalc-dims=\"1\"><\/a>&nbsp;<a href=\"https:\/\/www.colegionahuelcura.cl\/wp-content\/uploads\/2019\/11\/Asignaturas-Profundizaci\u00f3n-III-Medio.pdf\" target=\"_blank\">Asignaturas Profundizaci\u00f3n a elegir en II Medio<\/a><\/p>\n<p>&nbsp;<a href=\"https:\/\/www.colegionahuelcura.cl\/wp-content\/uploads\/2016\/01\/SAE-2019-Resultados_apoderados.pdf\" target=\"_blank\"><img decoding=\"async\" loading=\"lazy\" class=\"alignnone wp-image-263 size-full\" src=\"https:\/\/i0.wp.com\/www.colegionahuelcura.cl\/wp-content\/uploads\/2016\/01\/pdf.png?resize=16%2C16&#038;ssl=1\" alt=\"pdf\" width=\"16\" height=\"16\"  data-recalc-dims=\"1\"><\/a> <a href=\"https:\/\/www.colegionahuelcura.cl\/wp-content\/uploads\/2019\/11\/Asignaturas-Profundizaci\u00f3n-IV-Medio.pdf\" target=\"_blank\">Asignaturas Profundizaci\u00f3n a elegir en III Medio<\/a><\/p>\n<p>&nbsp;<\/p>\n<p><a href=\"https:\/\/www.colegionahuelcura.cl\/wp-content\/uploads\/2016\/01\/SAE-2019-Resultados_apoderados.pdf\" target=\"_blank\"><img decoding=\"async\" loading=\"lazy\" class=\"alignnone wp-image-263 size-full\" src=\"https:\/\/i0.wp.com\/www.colegionahuelcura.cl\/wp-content\/uploads\/2016\/01\/pdf.png?resize=16%2C16&#038;ssl=1\" alt=\"pdf\" width=\"16\" height=\"16\"  data-recalc-dims=\"1\"><\/a> <a href=\"https:\/\/www.colegionahuelcura.cl\/wp-content\/uploads\/2019\/11\/Reglamentaci\u00f3n-electividad-III-medios-2021.pdf\" target=\"_blank\">Reglamento Electividad III Medio<\/a><\/p>\n<p><a href=\"https:\/\/www.colegionahuelcura.cl\/wp-content\/uploads\/2016\/01\/SAE-2019-Resultados_apoderados.pdf\" target=\"_blank\"><img decoding=\"async\" loading=\"lazy\" class=\"alignnone wp-image-263 size-full\" src=\"https:\/\/i0.wp.com\/www.colegionahuelcura.cl\/wp-content\/uploads\/2016\/01\/pdf.png?resize=16%2C16&#038;ssl=1\" alt=\"pdf\" width=\"16\" height=\"16\"  data-recalc-dims=\"1\"><\/a> <a href=\"https:\/\/www.colegionahuelcura.cl\/wp-content\/uploads\/2019\/11\/Reglamentaci\u00f3n-electividad-IV-medios-2021.pdf\" target=\"_blank\">Reglamento Electividad IV Medio<\/a><\/p>\n<p><a href=\"https:\/\/www.curriculumnacional.cl\/portal\/Secciones\/3-y-4-medio\/133992:3-y-4-medio-Nuevo-Curriculum#i__w3_ar_Innovacion2_tabs_secciones_1_133992_Preguntas20Frecuentes\" target=\"_blank\">Preguntas Frecuentes<\/a><\/p>\n<p>Fundamento Nuevo Curr\u00edculum 3\u00b0 y 4\u00b0 Medio<\/p>\n<p><span class=\"embed-youtube\" style=\"text-align:center; display: block;\"><iframe loading=\"lazy\" class=\"youtube-player\" width=\"630\" height=\"355\" src=\"https:\/\/www.youtube.com\/embed\/SnDnNKD13gc?version=3&#038;rel=1&#038;showsearch=0&#038;showinfo=1&#038;iv_load_policy=1&#038;fs=1&#038;hl=es-CL&#038;autohide=2&#038;wmode=transparent\" allowfullscreen=\"true\" style=\"border:0;\" sandbox=\"allow-scripts allow-same-origin allow-popups allow-presentation\"><\/iframe><\/span><\/p>\n<p>&nbsp;<\/p>\n<p>Organizaci\u00f3n Nuevo Curr\u00edculum de 3\u00b0 y 4\u00b0 medio<\/p>\n<p><span class=\"embed-youtube\" style=\"text-align:center; display: block;\"><iframe loading=\"lazy\" class=\"youtube-player\" width=\"630\" height=\"355\" src=\"https:\/\/www.youtube.com\/embed\/Z1LEgTJvdeE?version=3&#038;rel=1&#038;showsearch=0&#038;showinfo=1&#038;iv_load_policy=1&#038;fs=1&#038;hl=es-CL&#038;autohide=2&#038;wmode=transparent\" allowfullscreen=\"true\" style=\"border:0;\" sandbox=\"allow-scripts allow-same-origin allow-popups allow-presentation\"><\/iframe><\/span><\/p>\n<p>&nbsp;<\/p>\n<p>Test de Intereses para la Electividad &#8211; C\u00f3mo funciona<\/p>\n<p><span class=\"embed-youtube\" style=\"text-align:center; display: block;\"><iframe loading=\"lazy\" class=\"youtube-player\" width=\"630\" height=\"355\" src=\"https:\/\/www.youtube.com\/embed\/bb66_zJ5Ido?version=3&#038;rel=1&#038;showsearch=0&#038;showinfo=1&#038;iv_load_policy=1&#038;fs=1&#038;hl=es-CL&#038;autohide=2&#038;wmode=transparent\" allowfullscreen=\"true\" style=\"border:0;\" sandbox=\"allow-scripts allow-same-origin allow-popups allow-presentation\"><\/iframe><\/span><\/p>\n","protected":false},"excerpt":{"rendered":"<p>Seg\u00fan el Nuevo Curr\u00edculum para III\u00b0 y IV\u00b0 medios, a partir del a\u00f1o 2020, se comenzaron a &nbsp;implementar cambios en la tradicional estructura de los planes electivos. Espec\u00edficamente, los estudiantes tendr\u00e1n la oportunidad de escoger [&hellip;]<\/p>\n","protected":false},"author":2,"featured_media":0,"parent":0,"menu_order":0,"comment_status":"closed","ping_status":"closed","template":"","meta":{"ngg_post_thumbnail":0},"jetpack_sharing_enabled":true,"jetpack_shortlink":"https:\/\/wp.me\/P73X2C-1af","_links":{"self":[{"href":"https:\/\/www.colegionahuelcura.cl\/index.php?rest_route=\/wp\/v2\/pages\/4479"}],"collection":[{"href":"https:\/\/www.colegionahuelcura.cl\/index.php?rest_route=\/wp\/v2\/pages"}],"about":[{"href":"https:\/\/www.colegionahuelcura.cl\/index.php?rest_route=\/wp\/v2\/types\/page"}],"author":[{"embeddable":true,"href":"https:\/\/www.colegionahuelcura.cl\/index.php?rest_route=\/wp\/v2\/users\/2"}],"replies":[{"embeddable":true,"href":"https:\/\/www.colegionahuelcura.cl\/index.php?rest_route=%2Fwp%2Fv2%2Fcomments&post=4479"}],"version-history":[{"count":13,"href":"https:\/\/www.colegionahuelcura.cl\/index.php?rest_route=\/wp\/v2\/pages\/4479\/revisions"}],"predecessor-version":[{"id":5502,"href":"https:\/\/www.colegionahuelcura.cl\/index.php?rest_route=\/wp\/v2\/pages\/4479\/revisions\/5502"}],"wp:attachment":[{"href":"https:\/\/www.colegionahuelcura.cl\/index.php?rest_route=%2Fwp%2Fv2%2Fmedia&parent=4479"}],"curies":[{"name":"wp","href":"https:\/\/api.w.org\/{rel}","templated":true}]}}