{"id":5355,"date":"2021-03-03T16:00:42","date_gmt":"2021-03-03T20:00:42","guid":{"rendered":"https:\/\/www.colegionahuelcura.cl\/?page_id=5355"},"modified":"2023-03-22T10:41:22","modified_gmt":"2023-03-22T14:41:22","slug":"protocolos-covid","status":"publish","type":"page","link":"https:\/\/www.colegionahuelcura.cl\/?page_id=5355","title":{"rendered":"Protocolos Covid"},"content":{"rendered":"<p style=\"text-align: left;\">NUEVO:\u00a0<a href=\"https:\/\/www.colegionahuelcura.cl\/wp-content\/uploads\/2023\/03\/Protocolo-de-medidas-sanitarias-y-vigencia-epidemiologica.pdf\" target=\"_blank\" rel=\"noopener\">Protocolo de medidas sanitarias y vigilancia epidemiol\u00f3gica, para establecimientos educacionales, Actualizaci\u00f3n septiembre 2023.<\/a><\/p>\n<p><a href=\"https:\/\/www.colegionahuelcura.cl\/wp-content\/uploads\/2022\/09\/PROTOCOLO_MEDIDAS_SANITARIAS_Y_VIGILANCIA_EPIDEMIOLOGICA-22-septiembre.pdf\">Protocolo de medidas sanitarias y vigilancia epidemiol\u00f3gica, para establecimientos educacionales, Actualizaci\u00f3n septiembre 2022.<\/a><\/p>\n<p><a href=\"https:\/\/www.colegionahuelcura.cl\/wp-content\/uploads\/2022\/02\/ProtocoloMedidasSanitariasEE-2022-1.pdf\" target=\"_blank\" rel=\"noopener\">Protocolo de medidas sanitarias y vigilancia epidemiol\u00f3gica para establecimientos educacionales, Febrero 2022<\/a><\/p>\n<p><a href=\"https:\/\/www.colegionahuelcura.cl\/wp-content\/uploads\/2022\/02\/Plan-de-Trabajo-Ingreso-a-Clases-Marzo-2022.pdf\" target=\"_blank\" rel=\"noopener\">Plan escolar de ingreso a clases 2022, Febrero 2022<\/a><\/p>\n<p><a href=\"https:\/\/www.colegionahuelcura.cl\/wp-content\/uploads\/2022\/02\/LINEAMIENTOS-AN\u0303O-ESCOLAR-2022.pdf\" target=\"_blank\" rel=\"noopener\">Lineamientos para el a\u00f1o escolar 2022, Noviembre de 2021<\/a><\/p>\n<p><a href=\"https:\/\/www.colegionahuelcura.cl\/wp-content\/uploads\/2021\/03\/Orientaciones-sanitarias-para-Bibliotecas-Escolares.pdf\" target=\"_blank\" rel=\"noopener\">Orientaciones sanitarias para Bibliotecas Escolares<\/a><\/p>\n<p><a href=\"https:\/\/www.colegionahuelcura.cl\/wp-content\/uploads\/2021\/03\/Protocolo-de-Medidas-Preventivas-en-Organizacion-de-Jornada-Escolar.pdf\" target=\"_blank\" rel=\"noopener\">Protocolo de Medidas Preventivas en Organizacion de Jornada Escolar<\/a><\/p>\n<p><a href=\"https:\/\/www.colegionahuelcura.cl\/wp-content\/uploads\/2021\/03\/Protocolo-Covid-de-alerta-temprana-en-escuelas.pdf\" target=\"_blank\" rel=\"noopener\">Protocolo Covid de alerta temprana en escuelas<\/a><\/p>\n<p><a href=\"https:\/\/www.colegionahuelcura.cl\/wp-content\/uploads\/2021\/03\/Protocolo-para-Prevenci\u00f3n-y-Monitoreo-de-Casos-COVID-en-Escuelas.pdf\" target=\"_blank\" rel=\"noopener\">Protocolo para Prevenci\u00f3n y Monitoreo de Casos COVID en Escuelas<\/a><\/p>\n<p><a href=\"https:\/\/www.colegionahuelcura.cl\/wp-content\/uploads\/2021\/03\/Protocolo-Transporte-Escolar.pdf\" target=\"_blank\" rel=\"noopener\">Protocolo Transporte Escolar<\/a><\/p>\n<p><a href=\"https:\/\/www.colegionahuelcura.cl\/wp-content\/uploads\/2021\/03\/Protocolo-Colegio-para-Salas.pdf\" target=\"_blank\" rel=\"noopener\">Protocolo COVID para estudiantes<\/a>.<\/p>\n<p><a href=\"https:\/\/www.colegionahuelcura.cl\/wp-content\/uploads\/2021\/03\/Protocolo-Colegio-Covid-18-marzo-Para-Colegio-Apoderados.pdf\">Protocolos Covid Casos Sospechosos y Confirmados<\/a><\/p>\n<p><a href=\"https:\/\/www.colegionahuelcura.cl\/wp-content\/uploads\/2021\/03\/Protocolo-Si\u0301ndrome-Inflamatorio.pdf\" target=\"_blank\" rel=\"noopener\">Protocolo Si\u0301ndrome Inflamatorio<\/a><\/p>\n","protected":false},"excerpt":{"rendered":"<p>NUEVO:\u00a0Protocolo de medidas sanitarias y vigilancia epidemiol\u00f3gica, para establecimientos educacionales, Actualizaci\u00f3n septiembre 2023. Protocolo de medidas sanitarias y vigilancia epidemiol\u00f3gica, para establecimientos educacionales, Actualizaci\u00f3n septiembre 2022. Protocolo de medidas sanitarias y vigilancia epidemiol\u00f3gica para establecimientos [&hellip;]<\/p>\n","protected":false},"author":2,"featured_media":0,"parent":0,"menu_order":0,"comment_status":"closed","ping_status":"closed","template":"","meta":{"ngg_post_thumbnail":0},"jetpack_sharing_enabled":true,"jetpack_shortlink":"https:\/\/wp.me\/P73X2C-1on","_links":{"self":[{"href":"https:\/\/www.colegionahuelcura.cl\/index.php?rest_route=\/wp\/v2\/pages\/5355"}],"collection":[{"href":"https:\/\/www.colegionahuelcura.cl\/index.php?rest_route=\/wp\/v2\/pages"}],"about":[{"href":"https:\/\/www.colegionahuelcura.cl\/index.php?rest_route=\/wp\/v2\/types\/page"}],"author":[{"embeddable":true,"href":"https:\/\/www.colegionahuelcura.cl\/index.php?rest_route=\/wp\/v2\/users\/2"}],"replies":[{"embeddable":true,"href":"https:\/\/www.colegionahuelcura.cl\/index.php?rest_route=%2Fwp%2Fv2%2Fcomments&post=5355"}],"version-history":[{"count":15,"href":"https:\/\/www.colegionahuelcura.cl\/index.php?rest_route=\/wp\/v2\/pages\/5355\/revisions"}],"predecessor-version":[{"id":6779,"href":"https:\/\/www.colegionahuelcura.cl\/index.php?rest_route=\/wp\/v2\/pages\/5355\/revisions\/6779"}],"wp:attachment":[{"href":"https:\/\/www.colegionahuelcura.cl\/index.php?rest_route=%2Fwp%2Fv2%2Fmedia&parent=5355"}],"curies":[{"name":"wp","href":"https:\/\/api.w.org\/{rel}","templated":true}]}}

<p style="text-align: left;">NUEVO: <a href="https://www.colegionahuelcura.cl/wp-content/uploads/2023/03/Protocolo-de-medidas-sanitarias-y-vigencia-epidemiologica.pdf" target="_blank" rel="noopener">Protocolo de medidas sanitarias y vigilancia epidemiológica, para establecimientos educacionales, Actualización septiembre 2023.</a></p>
<p><a href="https://www.colegionahuelcura.cl/wp-content/uploads/2022/09/PROTOCOLO_MEDIDAS_SANITARIAS_Y_VIGILANCIA_EPIDEMIOLOGICA-22-septiembre.pdf">Protocolo de medidas sanitarias y vigilancia epidemiológica, para establecimientos educacionales, Actualización septiembre 2022.</a></p>
<p><a href="https://www.colegionahuelcura.cl/wp-content/uploads/2022/02/ProtocoloMedidasSanitariasEE-2022-1.pdf" target="_blank" rel="noopener">Protocolo de medidas sanitarias y vigilancia epidemiológica para establecimientos educacionales, Febrero 2022</a></p>
<p><a href="https://www.colegionahuelcura.cl/wp-content/uploads/2022/02/Plan-de-Trabajo-Ingreso-a-Clases-Marzo-2022.pdf" target="_blank" rel="noopener">Plan escolar de ingreso a clases 2022, Febrero 2022</a></p>
<p><a href="https://www.colegionahuelcura.cl/wp-content/uploads/2022/02/LINEAMIENTOS-AÑO-ESCOLAR-2022.pdf" target="_blank" rel="noopener">Lineamientos para el año escolar 2022, Noviembre de 2021</a></p>
<p><a href="https://www.colegionahuelcura.cl/wp-content/uploads/2021/03/Orientaciones-sanitarias-para-Bibliotecas-Escolares.pdf" target="_blank" rel="noopener">Orientaciones sanitarias para Bibliotecas Escolares</a></p>
<p><a href="https://www.colegionahuelcura.cl/wp-content/uploads/2021/03/Protocolo-de-Medidas-Preventivas-en-Organizacion-de-Jornada-Escolar.pdf" target="_blank" rel="noopener">Protocolo de Medidas Preventivas en Organizacion de Jornada Escolar</a></p>
<p><a href="https://www.colegionahuelcura.cl/wp-content/uploads/2021/03/Protocolo-Covid-de-alerta-temprana-en-escuelas.pdf" target="_blank" rel="noopener">Protocolo Covid de alerta temprana en escuelas</a></p>
<p><a href="https://www.colegionahuelcura.cl/wp-content/uploads/2021/03/Protocolo-para-Prevención-y-Monitoreo-de-Casos-COVID-en-Escuelas.pdf" target="_blank" rel="noopener">Protocolo para Prevención y Monitoreo de Casos COVID en Escuelas</a></p>
<p><a href="https://www.colegionahuelcura.cl/wp-content/uploads/2021/03/Protocolo-Transporte-Escolar.pdf" target="_blank" rel="noopener">Protocolo Transporte Escolar</a></p>
<p><a href="https://www.colegionahuelcura.cl/wp-content/uploads/2021/03/Protocolo-Colegio-para-Salas.pdf" target="_blank" rel="noopener">Protocolo COVID para estudiantes</a>.</p>
<p><a href="https://www.colegionahuelcura.cl/wp-content/uploads/2021/03/Protocolo-Colegio-Covid-18-marzo-Para-Colegio-Apoderados.pdf">Protocolos Covid Casos Sospechosos y Confirmados</a></p>
<p><a href="https://www.colegionahuelcura.cl/wp-content/uploads/2021/03/Protocolo-Síndrome-Inflamatorio.pdf" target="_blank" rel="noopener">Protocolo Síndrome Inflamatorio</a></p>

<p>NUEVO: Protocolo de medidas sanitarias y vigilancia epidemiológica, para establecimientos educacionales, Actualización septiembre 2023. Protocolo de medidas sanitarias y vigilancia epidemiológica, para establecimientos educacionales, Actualización septiembre 2022. Protocolo de medidas sanitarias y vigilancia epidemiológica para establecimientos [&hellip;]</p>
