{"id":83,"date":"2015-12-21T12:01:54","date_gmt":"2015-12-21T15:01:54","guid":{"rendered":"http:\/\/186.103.199.252\/?page_id=83"},"modified":"2016-01-07T17:07:04","modified_gmt":"2016-01-07T20:07:04","slug":"infraestructura","status":"publish","type":"page","link":"https:\/\/www.colegionahuelcura.cl\/?page_id=83","title":{"rendered":"Infraestructura"},"content":{"rendered":"<p style=\"text-align: justify;\">Nuestro Colegio se construye en etapas, considerando desde un primer momento, el dise\u00f1o integral y la utilizaci\u00f3n m\u00e1s apropiada del terreno para cada uno de los componentes de infraestructura.<\/p>\n<p style=\"text-align: justify;\">Para la organizaci\u00f3n general del Colegio, se ha considerado la mejor orientaci\u00f3n de las salas de clases, pues se busca generar relaciones fluidas entre los distintos ciclos, permitiendo espacios completamente aislados para los alumnos de Educaci\u00f3n Pavularia y una agrupaci\u00f3n apropiada, conforme a edades, para las salas, \u00e1reas de recreaci\u00f3n y ba\u00f1os de Educaci\u00f3n B\u00e1sica y Media.<\/p>\n<p style=\"text-align: justify;\">Respondiendo a nuestra concepci\u00f3n de colegio moderno, la actividad diaria cuenta con \u00e1reas destinadas exclusivamente a la docencia, \u00e1reas administrativas alejadas de las acad\u00e9micas, apropiadas \u00e1reas recreativas, \u00e1reas verdes de esparcimiento, \u00e1reas deportivas y \u00e1reas de acogida para apoderados y alumnos.<\/p>\n<p style=\"text-align: justify;\">Uno de los aspectos m\u00e1s importantes que consideramos en el dise\u00f1o de nuestro establecimiento, es la flexibilidad en el uso de su infraestructura.<\/p>\n<p style=\"text-align: justify;\">Por la caracter\u00edstica de integralidad que hoy tiene la educaci\u00f3n, es necesario considerar aulas multifuncionales, las que difieren de las aulas cl\u00e1sicas por cuanto en ellas se pueden operar equipos computacionales, multimedia, audiovisuales y a su vez, realizar dramatizaciones, acciones grupales, entre otras. Esto se debe a que la sala de clases, como c\u00e9lula de ense\u00f1anza, debe permitir ordenar y recomponer la clase de diversas maneras, especialmente hoy en d\u00eda, que nuestro sistema de ense\u00f1anza tiene un fuerte componente: el que el alumno aprenda a aprender. Esto transforma al docente en un mediador experto del aprendizaje, que hace menos clases dirigidas hacia el pizarr\u00f3n y m\u00e1s actividades de grupo.<\/p>\n<p style=\"text-align: justify;\">A esto se le llama aprender haciendo. Es por ello que el Colegio Nahuelcura es concebido como una instituci\u00f3n capaz de entregar a sus alumnos todos los avances y comodidades que se requieren para un crecimiento sano y equilibrado, incorporando lo mejor en cuanto a tecnolog\u00eda, arquitectura, espacios y dise\u00f1o, con una construcci\u00f3n s\u00f3lida y moderna, amplios terrenos, extensas y gratas \u00e1reas verdes, laboratorios, salas especiales, \u00e1reas de administraci\u00f3n y diversos espacios equipados especialmente para el \u00f3ptimo desarrollo acad\u00e9mico, espiritual, deportivo y recreativo.<\/p>\n<p style=\"text-align: justify;\"><img decoding=\"async\" loading=\"lazy\" class=\"aligncenter size-full wp-image-274\" src=\"https:\/\/i0.wp.com\/186.103.199.252\/wp-content\/uploads\/2015\/12\/04.jpg?resize=630%2C261\" alt=\"Frontis\" width=\"630\" height=\"261\" srcset=\"https:\/\/i0.wp.com\/www.colegionahuelcura.cl\/wp-content\/uploads\/2015\/12\/04.jpg?w=800&amp;ssl=1 800w, https:\/\/i0.wp.com\/www.colegionahuelcura.cl\/wp-content\/uploads\/2015\/12\/04.jpg?resize=300%2C125&amp;ssl=1 300w\" sizes=\"(max-width: 630px) 100vw, 630px\" data-recalc-dims=\"1\" \/><\/p>\n","protected":false},"excerpt":{"rendered":"<p>Nuestro Colegio se construye en etapas, considerando desde un primer momento, el dise\u00f1o integral y la utilizaci\u00f3n m\u00e1s apropiada del terreno para cada uno de los componentes de infraestructura. Para la organizaci\u00f3n general del Colegio, [&hellip;]<\/p>\n","protected":false},"author":2,"featured_media":0,"parent":0,"menu_order":4,"comment_status":"closed","ping_status":"closed","template":"","meta":{"ngg_post_thumbnail":0},"jetpack_sharing_enabled":true,"jetpack_shortlink":"https:\/\/wp.me\/P73X2C-1l","_links":{"self":[{"href":"https:\/\/www.colegionahuelcura.cl\/index.php?rest_route=\/wp\/v2\/pages\/83"}],"collection":[{"href":"https:\/\/www.colegionahuelcura.cl\/index.php?rest_route=\/wp\/v2\/pages"}],"about":[{"href":"https:\/\/www.colegionahuelcura.cl\/index.php?rest_route=\/wp\/v2\/types\/page"}],"author":[{"embeddable":true,"href":"https:\/\/www.colegionahuelcura.cl\/index.php?rest_route=\/wp\/v2\/users\/2"}],"replies":[{"embeddable":true,"href":"https:\/\/www.colegionahuelcura.cl\/index.php?rest_route=%2Fwp%2Fv2%2Fcomments&post=83"}],"version-history":[{"count":5,"href":"https:\/\/www.colegionahuelcura.cl\/index.php?rest_route=\/wp\/v2\/pages\/83\/revisions"}],"predecessor-version":[{"id":277,"href":"https:\/\/www.colegionahuelcura.cl\/index.php?rest_route=\/wp\/v2\/pages\/83\/revisions\/277"}],"wp:attachment":[{"href":"https:\/\/www.colegionahuelcura.cl\/index.php?rest_route=%2Fwp%2Fv2%2Fmedia&parent=83"}],"curies":[{"name":"wp","href":"https:\/\/api.w.org\/{rel}","templated":true}]}}